e highest common divisor of 3708 and 16476?
12
Calculate the highest common divisor of 375725 and 4389.
133
Calculate the highest common divisor of 4140 and 1260.
180
What is the greatest common factor of 9940 and 280?
140
Calculate the greatest common divisor of 208 and 3011684.
52
Calculate the greatest common factor of 1482282 and 18.
18
What is the highest common factor of 232 and 2104588?
116
What is the greatest common divisor of 5822 and 31169?
71
What is the highest common divisor of 820 and 208444?
164
What is the highest common divisor of 1368 and 288?
72
Calculate the highest common divisor of 163992 and 72.
24
What is the greatest common divisor of 91 and 4992?
13
Calculate the highest common divisor of 228 and 465234.
114
Calculate the greatest common divisor of 237 and 61541.
79
Calculate the highest common factor of 1275 and 64200.
75
What is the highest common factor of 8 and 5006?
2
What is the greatest common divisor of 598 and 640523?
13
Calculate the highest common factor of 4192 and 571160.
1048
Calculate the highest common divisor of 37176 and 24.
24
What is the greatest common factor of 43333 and 34?
17
What is the greatest common factor of 102 and 2858703?
51
Calculate the greatest common factor of 3184800 and 80.
80
Calculate the greatest common factor of 118 and 176.
2
What is the greatest common divisor of 143 and 5995?
11
What is the greatest common factor of 121 and 369072?
11
Calculate the greatest common divisor of 156897 and 149.
149
What is the greatest common factor of 250 and 206750?
250
Calculate the greatest common divisor of 43614 and 1764.
18
Calculate the highest common factor of 414377 and 434.
31
Calculate the highest common factor of 39711 and 868.
217
What is the greatest common divisor of 12585000 and 600?
600
What is the greatest common factor of 194 and 1420274?
194
Calculate the greatest common factor of 429 and 2157298.
143
Calculate the greatest common divisor of 450 and 2821275.
225
What is the greatest common divisor of 6128629 and 1157?
1157
Calculate the greatest common divisor of 60 and 7709820.
60
What is the highest common divisor of 515855 and 5?
5
What is the greatest common factor of 2146 and 25694?
58
Calculate the highest common factor of 1088 and 21888.
64
What is the greatest common divisor of 28 and 9247?
7
Calculate the greatest common factor of 15020 and 980.
20
What is the greatest common factor of 2900 and 179000?
100
What is the highest common divisor of 1826 and 1276?
22
Calculate the highest common divisor of 1 and 38030.
1
What is the highest common divisor of 819 and 169299?
117
What is the greatest common factor of 770 and 169708?
154
What is the greatest common divisor of 34611 and 20169?
249
What is the greatest common divisor of 8961 and 25?
1
Calculate the highest common divisor of 20288 and 928.
32
Calculate the greatest common divisor of 228744 and 56.
8
Calculate the highest common factor of 13252036 and 28.
28
Calculate the greatest common divisor of 2027278 and 11.
11
What is the greatest common divisor of 2567 and 64243?
17
Calculate the highest common divisor of 5724 and 71073.
477
What is the greatest common factor of 108 and 3175092?
108
What is the highest common divisor of 22288 and 280?
56
Calculate the greatest common divisor of 9515 and 5885.
55
What is the greatest common factor of 27086 and 172790?
934
Calculate the highest common divisor of 14 and 1182.
2
What is the highest common factor of 2835 and 202419?
567
What is the greatest common divisor of 337 and 101437?
337
Calculate the highest common factor of 390894 and 7.
7
Calculate the highest common factor of 1036052 and 358.
358
Calculate the greatest common factor of 8277 and 18156.
267
Calculate the greatest common factor of 76 and 71098.
38
What is the greatest common factor of 143 and 209?
11
Calculate the highest common divisor of 172 and 2848492.
172
Calculate the highest common divisor of 56918 and 1146.
382
Calculate the highest common divisor of 1379261 and 221.
221
Calculate the greatest common factor of 6174 and 25382.
686
What is the highest common divisor of 357 and 335937?
357
Calculate the greatest common divisor of 2444337 and 3.
3
Calculate the highest common factor of 196 and 3228022.
98
Calculate the greatest common divisor of 15571999 and 2689.
2689
Calculate the greatest common divisor of 100 and 904.
4
Calculate the greatest common factor of 4 and 228772.
4
Calculate the highest common divisor of 2377571 and 7.
7
What is the highest common divisor of 1449 and 1935?
9
What is the highest common divisor of 9438 and 52?
26
What is the greatest common divisor of 50655 and 132?
33
What is the highest common divisor of 26 and 154947?
13
What is the greatest common divisor of 3787 and 126?
7
Calculate the highest common factor of 34911 and 6896.
431
Calculate the highest common divisor of 206525 and 25.
25
What is the greatest common factor of 9222 and 30?
6
What is the highest common divisor of 14 and 299066?
2
What is the highest common divisor of 396 and 61182?
198
What is the highest common divisor of 54649 and 406175?
1477
What is the highest common divisor of 2250660 and 15?
15
What is the greatest common divisor of 84 and 344232?
84
What is the highest common factor of 26563 and 25553?
101
Calculate the greatest common divisor of 175 and 93170.
35
Calculate the greatest common divisor of 118961 and 6403.
337
What is the greatest common factor of 5049 and 621?
27
What is the highest common divisor of 361956 and 372?
372
Calculate the greatest common factor of 4628 and 164.
4
Calculate the highest common factor of 51 and 7326.
3
Calculate the highest common factor of 13280 and 1360.
80
What is the greatest common factor of 29020 and 160?
20
Calculate the greatest common factor of 36 and 323676.
36
Calculate the highest common divisor of 15130 and 72090.
890
Calculate the highest common factor of 239645 and 175.
35
What is the greatest common divisor of 42 and 7658?
14
Calculate the highest common factor of 85850 and 986.
34
Calculate the highest common divisor of 4142 and 3706.
218
What is the highest common factor of 204 and 19057?
17
Calculate the highest common divisor of 147356 and 220.
44
Calculate the highest common divisor of 456 and 7638.
114
What is the greatest common divisor of 2244 and 588?
12
Calculate the highest common factor of 95 and 683183.
19
What is the highest common divisor of 5640 and 18755820?
2820
What is the highest common divisor of 1225 and 5299?
7
Calculate the highest common divisor of 559 and 15509.
13
Calculate the greatest common divisor of 6348 and 783449.
529
What is the highest common divisor of 11 and 1268641?
11
Calculate the greatest common factor of 88708 and 52.
4
Calculate the highest common divisor of 51 and 8092.
17
What is the greatest common divisor of 1185341 and 3945?
263
Calculate the greatest common factor of 1870 and 440.
110
Calculate the greatest common factor of 45201 and 61.
61
Calculate the highest common factor of 2211 and 109813.
737
Calculate the greatest common divisor of 873 and 10674.
9
Calculate the highest common factor of 1064 and 209.
19
What is the greatest common factor of 15 and 1422285?
15
Calculate the greatest common divisor of 136 and 134062.
34
Calculate the greatest common divisor of 1636159 and 49.
49
Calculate the highest common factor of 142279 and 79.
79
What is the highest common divisor of 111220 and 166?
166
Calculate the highest common divisor of 6264 and 5004.
36
What is the highest common factor of 147 and 48363?
147
What is the greatest common divisor of 1870623 and 18?
9
What is the highest common divisor of 22654 and 11750?
94
Calculate the greatest common divisor of 85 and 510595.
85
What is the highest common divisor of 25 and 107225?
25
What is the greatest common divisor of 7491 and 8448?
33
What is the greatest common divisor of 745 and 14?
1
Calculate the greatest common factor of 2952 and 33128.
328
Calculate the greatest common divisor of 86305 and 451.
41
What is the highest common divisor of 1162 and 635033?
581
Calculate the greatest common factor of 81 and 691209.
9
What is the highest common factor of 1380358 and 35?
7
What is the highest common factor of 3105392 and 16?
